t common factor of n and 7.
7
Let l = 50 - 30. Calculate the highest common factor of 320 and l.
20
Suppose -w + 3 + 3 = 0. Calculate the greatest common divisor of w and 3.
3
Suppose 30 + 73 = 5*h + 3*t, 0 = -5*h - 4*t + 104. Suppose o + 0 - 10 = -2*g, -2*g = -2*o - 4. What is the highest common divisor of h and g?
4
Suppose 18 = 2*j - 2*a, 20 = 3*j + 3*a - 25. Let l be 11/4 + 3/j. Let u(q) = -q**2 - 11*q - 8. Let n be u(-10). Calculate the greatest common factor of l and n.
1
Let r(o) = -o**2 + 7*o - 3. Let h be r(7). Let l be 6 - h/6*4. Calculate the greatest common factor of l and 32.
8
Suppose 6 = 4*w - 10. Suppose 80 = a - 5*a. Let y = 0 - a. What is the highest common factor of w and y?
4
Suppose -n = -0*n - 2. Suppose -n*y - l + 123 = y, 5*l = -y + 27. Calculate the highest common divisor of y and 14.
14
Let t be 4 + -3 - (-1 + -1). Let d = t + 0. Let n = 16 - -17. Calculate the highest common divisor of n and d.
3
Let g be 1*1/1*0. Suppose 0*t = -t + 70. Suppose -k = -g*k + 3*u - 2, 5*k = -3*u + t. What is the highest common factor of 187 and k?
17
Let z be 4*3/24*28. What is the highest common divisor of z and 126?
14
Let f be (-6)/(-10) - (-7)/5. Let g(a) = a**2 + 4*a - 3. Let q be g(f). Calculate the greatest common divisor of 81 and q.
9
Let i be 19/5 - 7/(-35). What is the highest common factor of 24 and i?
4
Suppose 0*t - 33 = t. Let m = t + 141. What is the highest common factor of 12 and m?
12
Suppose 2 - 127 = -5*v. Calculate the greatest common divisor of v and 5.
5
Let o be 2/(-4) + 123/6. Let g = -10 + o. What is the highest common divisor of 110 and g?
10
Suppose 0 = 4*d - 0*d - 56. Calculate the highest common factor of 42 and d.
14
Let r(j) = -9*j - 15. Let n be r(-2). Let m = -7 - -26. Suppose m = 2*x - 3*a, a - 3*a = 3*x + 4. Calculate the highest common divisor of x and n.
1
Let z be (-64 - 2)*6/(-4). Let n(b) = -b**3 - 5*b**2 + 4*b - 3. Let s be n(-6). What is the highest common divisor of s and z?
9
Let v = 140 + -77. Suppose 4*t - 43 = -m - 2*m, -2*m = t - 17. What is the highest common divisor of t and v?
7
Suppose 110 - 21 = 2*n + 5*j, 0 = n - j - 41. Suppose -z = -3*z + 28. What is the highest common divisor of z and n?
14
Let y(f) be the first derivative of -f**2/2 + 16*f + 20. Suppose 4*z = -4*q + 4, 3 = -z + 3*q - 0. Let s be y(z). What is the highest common factor of 16 and s?
16
Let v = -36 + 50. Let h = -8 + v. Let u(i) = 7*i**2 + i. Let t be u(3). Calculate the greatest common factor of t and h.
6
Suppose -5*y + 31 + 29 = 0. Let d(g) = g**2 - 8*g + 10. Let n be d(7). What is the highest common factor of n and y?
3
Let y = 11 + 2. What is the highest common divisor of y and 13?
13
Suppose 5*k = 3*y - 37, -4*k + 2*k + 2 = 3*y. Suppose y*v - 2*v = 120. Let d(u) = 13*u - 2. Let t be d(2). Calculate the highest common divisor of v and t.
12
Let k = -118 + -135. Let s = k + 496. Calculate the greatest common divisor of s and 27.
27
Suppose -3*s + 4 = -8. Suppose u + s*w - 226 = -4*u, w - 46 = -u. What is the greatest common factor of u and 7?
7
Suppose -2*v = 3*v - 25. Suppose v*z - 144 = 2*z. Calculate the highest common factor of 32 and z.
16
Let z = 57 + 256. Let u be 177 + (-3)/(-3) + -1. Let o = z - u. Calculate the highest common divisor of 17 and o.
17
Let t(k) = k**3 + k**2 - 5*k. Let i be t(-4). Let s be (-7)/i + 55/4. Calculate the highest common divisor of s and 2.
2
Let y be 18 + (2 + -3)*2. What is the greatest common factor of y and 80?
16
Suppose 0 = -r - 3*r - 852. Let s = r + 378. Calculate the highest common divisor of 15 and s.
15
Let h(q) = 6*q - 7. Let l be h(7). What is the highest common factor of l and 35?
35
Suppose 4*z + 2*v + 0*v = -12, -10 = 2*z + 2*v. Let p = z - -7. Let w(k) = 9*k. Let i be w(4). Calculate the highest common divisor of p and i.
6
Suppose -2*b + 6 = -4. Let a(d) = d**2 + 6*d - 1. Let z be a(-6). Let q be 10/1 + (z - -1). What is the highest common factor of b and q?
5
Suppose 4*q + 4*n - 168 = 16, 0 = 2*q - 2*n - 84. Calculate the highest common divisor of q and 33.
11
Suppose 0 = 2*f - 2*s - 95 + 13, -2*f + 4*s + 72 = 0. Let b be f/4 + 15/(-30). Calculate the greatest common divisor of b and 11.
11
Suppose 63 = 7*b - 4*b. Calculate the greatest common factor of b and 63.
21
Let h(t) = t**2 - 7*t. Let d be h(8). What is the greatest common divisor of 88 and d?
8
Let s = -122 - -199. Calculate the highest common divisor of 11 and s.
11
Suppose 11 = -4*t - 2*v + 45, 0 = 2*v - 6. What is the greatest common factor of t and 1?
1
Let c = -11 + 60. Let n be 4*4/8*8. Suppose 2*k + 2 = n. What is the highest common factor of k and c?
7
Let h be 140*((-3)/(-2) - 1). Suppose 5*b - 4*x - 37 - 21 = 0, -b = 4*x - 2. Calculate the highest common factor of h and b.
10
Let u = 95 - 71. What is the highest common divisor of 6 and u?
6
Let c(w) = -5*w. Let d be c(-2). What is the greatest common divisor of d and 15?
5
Let s be 0/(-1) + 0/(-2). Let a be (8/4 - -2) + -1. Suppose s = o + a*o - 40. Calculate the highest common divisor of o and 110.
10
Let d be (34/51)/(2/6). What is the highest common divisor of d and 2?
2
Let v(l) = -11*l - 47. Let s be v(-21). What is the greatest common factor of s and 23?
23
Let x be 2/(-18)*-3*354. Let a = -23 + x. Calculate the highest common factor of a and 19.
19
Let r be 2/(1*6) - (-468)/54. Calculate the greatest common divisor of r and 81.
9
Let u(q) = -11*q + 1. Let x be u(-1). Let o = 149 - 17. What is the greatest common divisor of x and o?
12
Suppose -y = 3*y - 48. Calculate the greatest common divisor of 108 and y.
12
Let x be (-110)/33*(246/(-15) + 2). What is the highest common factor of x and 60?
12
Suppose -j = 4*s - 28, -3*s = -5*j + 43 + 5. Let l be 6/j + 15/2. Calculate the greatest common divisor of l and 1.
1
Suppose -80 = -4*n - 4*h, -h - 4 = -3*h. What is the highest common factor of 2 and n?
2
Suppose -5*l - 3*m - 3287 = 0, -l - 2*m - 3*m - 675 = 0. Let y = 63 - l. Let q be 2/6 - y/(-6). What is the highest common divisor of 15 and q?
15
Suppose 4*x + 1 = 5, 3*u = -3*x + 27. Calculate the greatest common factor of u and 4.
4
Suppose -1 - 32 = -3*x. Let s be ((-3)/1)/((-3)/22). Calculate the highest common factor of s and x.
11
Let o be 18/(-8)*(-84)/7. Let r be 0 - 1/((-4)/72). Calculate the highest common factor of o and r.
9
Suppose -2*m + 9 = -1. Suppose 110 = -0*z + m*z. What is the highest common divisor of z and 176?
22
Suppose -3*s + 5*z = -105, 2*s + 1 = 3*z + 71. Suppose -2*l + 109 + s = 0. Calculate the greatest common divisor of 9 and l.
9
Suppose -2 = h - 17. Calculate the greatest common divisor of h and 60.
15
Let h(t) = t**2 - 5*t - 6. Let u be h(9). Calculate the greatest common divisor of 6 and u.
6
Let k(d) = -2*d - 7. Let c be k(-6). Suppose 5*n + c*i = -0*i - 10, 6 = 4*n - 3*i. Suppose n = -y - 0*y + 1. What is the highest common factor of 4 and y?
1
Suppose -4 = 4*p - 20. Let f be (1 - p/6)*27. Calculate the highest common factor of f and 81.
9
Let q be (-56)/(-6)*540/14. Let z = -28 + 0. Let o be q/z*(-14)/3. Calculate the greatest common factor of o and 12.
12
Let j(x) = x**2 + 5*x + 4. Let f be j(-6). What is the greatest common factor of f and 110?
10
Let r(f) = f**3 + 4*f**2 - 7*f - 7. Let v be r(-4). What is the highest common factor of v and 84?
21
Let s be (-718)/(-10) + (-2)/(4 + -14). Calculate the highest common factor of s and 18.
18
Suppose 396 = 2*f - 18. What is the highest common divisor of 23 and f?
23
Suppose 17 = 5*j - 33. Suppose -4*s = -0*s. Suppose s = -5*m + 98 + 102. What is the greatest common divisor of m and j?
10
Let o(g) = -g**2 - 11*g + 9. Let m be o(-11). Calculate the highest common factor of m and 1.
1
Let x(g) = 14*g - 5. Let j(d) = 29*d - 11. Let t(s) = 6*j(s) - 13*x(s). Let o be t(-2). Calculate the greatest common factor of 75 and o.
15
Let l be ((-2)/(-6))/(1/15). Let m be (-4)/14 - 24/14. Let n be (1 - m)/((-3)/(-50)). Calculate the highest common factor of n and l.
5
Suppose n = 2, -5*j - 2*n + 111 = -4*n. Calculate the greatest common divisor of 115 and j.
23
Suppose 4*n - 210 = -5*u, -2*n - 222 = -6*n + u. What is the greatest common divisor of n and 11?
11
Suppose 5*x - 65 = 385. Let k be ((-15)/25)/((-2)/x). What is the highest common factor of 3 and k?
3
S